14. Let l(w) = w - 3. Determine l(k).
2
Let d(w) be the second derivative of -w**4/3 + w**3/2 + 328*w. Determine d(3).
-27
Let a(z) = 2*z + 14. Let i be a(-6). Let g(t) = t + t**3 + 2*t**2 - i*t - t + 2 + 4*t. Determine g(-2).
-2
Let q(j) = -3 + j**3 + 10 - 3 - 1 - 7*j**2 + 6*j. What is q(6)?
3
Suppose -l - 5 = 3*y - 28, -5*y + 43 = 2*l. Let w be l/(-6) - 8/12. Let u(q) = 3*q + 5. Let x(t) = 8*t + 12. Let k(o) = -12*u(o) + 5*x(o). Give k(w).
-12
Let z(w) = w + 1. Let m(q) = -q**3 - 13*q**2 + 13*q - 26. Let t be m(-14). Let j be ((-5)/2)/(30/t). What is z(j)?
2
Let s(d) = 11*d**3 - 29*d**2 + 26*d + 3. Let v(q) = -7*q**3 + 19*q**2 - 17*q - 2. Let c(b) = 5*s(b) + 8*v(b). What is c(5)?
19
Let p(t) = t**2 + 15*t - 13. Let b be p(-16). Let q(g) = -9*g**2 + 4*g**2 - g**b - 108*g + 105*g. Give q(-2).
-6
Suppose -4*d = v - 12, -2*v - 6 = -d - d. Suppose -2*j - 5 - 7 = v. Let n(h) be the third derivative of -h**5/60 - 5*h**4/24 + h**3/6 + 26*h**2. What is n(j)?
-5
Let n(p) be the first derivative of 2*p**3/3 + 8*p - 23. Calculate n(0).
8
Let y(s) be the third derivative of s**4/24 + 3*s**2. Let i(t) = -1. Let m(p) = i(p) - y(p). What is m(1)?
-2
Let s(o) = -3*o**2 + 22*o + 18. Let a be s(8). Let w(q) = 0 - a - q - 2. Determine w(7).
-11
Let z(m) = -m**2 + 4*m + 5. Let q be z(4). Suppose 5*l - 15 = q*p, l = 2*p - 0*p + 2. Let t(y) = -10*y**2 - y + 1. Give t(p).
-10
Let v = -22 + 17. Let h(d) = -d**3 - 5*d**2 - 1. Let m be h(v). Let p(b) = -7*b + 1. Calculate p(m).
8
Let o(c) = c - 3. Let s be o(3). Let x = 23 + -26. Let m(r) = 5*r**2 - 5*r - 8. Let j(d) = 2*d**2 - 2*d - 3. Let a(p) = x*m(p) + 8*j(p). What is a(s)?
0
Suppose 4*k - 3*k - 7 = -2*a, -2*k - 5*a + 9 = 0. Let f(l) = -20*l**2 + 35*l**2 - 3*l - k*l**2 + 4. What is f(-3)?
-5
Let b(x) = x**3 + 6*x**2 + 5*x - 6. Let f(r) = -9*r + 13. Let a be f(2). Determine b(a).
-6
Suppose -4*o + 22 = -14. Let k = -8 + o. Let b(v) = -10*v. Determine b(k).
-10
Let z(y) = 2*y + 4. Suppose 45*p + 20 = 41*p. Give z(p).
-6
Suppose -2*d - 3 = -h, 4*h - 10 - 22 = 3*d. Let g(r) = -r + 18. Give g(h).
7
Let g(b) = -3 - 7*b**2 - 5*b**2 - b + 0*b + 13*b**2. Determine g(0).
-3
Let p(y) = y**2 + 2*y + 1. Let h(v) = 6*v**2 + 16*v + 5. Let n(z) = h(z) - 5*p(z). What is n(-6)?
0
Let a be (-121 + 110)*12/(-22). Let v(d) = -d**2 + 7*d - 13. What is v(a)?
-7
Suppose -6*t - 12 = -4*t. Let a(d) be the first derivative of d**6/360 + d**5/20 + d**4/3 - 20*d**3/3 + 11. Let o(p) be the third derivative of a(p). Give o(t).
8
Let k = 6144 + -6143. Let v(x) = 0*x + 1 - 3*x**3 + 2*x**2 + x - 3*x. Calculate v(k).
-2
Let n(l) = -l**2 + 2. Let y(k) = k**2 + k + 2. Let o(c) = -2*n(c) + 3*y(c). Determine o(-2).
16
Let r = -6 - 0. Let k(m) be the second derivative of m**4/12 + m**3 - 3*m**2/2 + 14*m. Determine k(r).
-3
Let h(x) = x**2 + 13*x + 8. Let q = -709 + 698. Calculate h(q).
-14
Let x(t) = -44*t + 170. Let c be x(4). Let j(q) = q**3 + 6*q**2 + 3*q + 15. Give j(c).
-3
Let c(n) = -20*n**3 + 2*n**2 - 51. Let t(w) = 41*w**3 - 5*w**2 + 119. Let b(s) = -7*c(s) - 3*t(s). Let f(d) = d**2 - 2*d - 1. Let i be f(2). Calculate b(i).
-16
Suppose 4*d = -3*z - z, 0 = -3*z - 2*d + 4. Suppose 0 = -i - 3*x, -z*i + 0*x - 22 = x. Let q(v) = -6 - v - 1 + 5. What is q(i)?
4
Let y(q) = -7*q. Suppose 10*k - 13*k = -4*n, -3*k = n + 15. Give y(k).
28
Let p(c) = -6*c + 10*c + c**3 + 2*c**2 - 6*c - c**2. Let m(q) = -q**3 - 5*q**2 + 6*q + 4. Let w be m(-6). Let b = w - 6. What is p(b)?
0
Let q(s) = 2 - 10*s**2 + 4*s**2 - 16*s**3 + 35*s**3 - 20*s**3 - 4. Let y = -13 + 7. Calculate q(y).
-2
Suppose 4*h = 8, -5*w - 5*h = -10*h + 35. Let u(q) = 62*q**2 + 3 - 33*q**2 - 30*q**2 - 3*q + 1. Determine u(w).
-6
Let j(s) be the first derivative of 5*s**2/2 + 7*s + 297. Determine j(-7).
-28
Suppose -2*k - 5*f - 31 = 0, 58 - 40 = -k - 3*f. Let z(g) = g - 2. What is z(k)?
-5
Let x(n) = 9*n - 8. Let i be x(4). Let w = -22 + i. Suppose 2 = -4*q - w. Let v(y) = 2*y**3 + 3*y**2 + y - 2. Determine v(q).
-8
Let g(d) = -d**2 - 2*d + 1. Suppose i = -1 + 3, 16 = -2*k - i. Let j be k/(-6)*4/(-3). What is g(j)?
1
Let m(q) = -951*q + 951*q + 3*q**2 - 1. Give m(-2).
11
Suppose 11*p = 6*p + 25. Let x(n) = -5*n**3 - 7*n - 9*n**3 + 15*n**3 + p*n**2. Give x(-6).
6
Suppose 0 = -3*a + 2*a + 5. Let c(z) = 2*z**2 + 19*z - 7. Let u be c(-10). Let o(i) = u - 2*i + 8*i + 6*i - 11*i. Determine o(a).
8
Let q(r) = r**3 - 10*r**2 + 2*r - 9. Let n = 177 - 167. Calculate q(n).
11
Let d(w) = -w**3 - 3*w**2. Let x be 25/10 + 11/(-2). What is d(x)?
0
Suppose -2*x = -2*y - 3*x + 4, 0 = -4*x. Let c(l) = 1 - l**2 + 2*l**2 + y*l + 3 - 9*l. Determine c(5).
-6
Suppose -5*p + 39 = -z, -4*z - 12 = -2*p - 0*p. Let v(d) = d - 1 - 3 + p. Give v(0).
4
Let a(c) be the third derivative of c**7/168 + c**6/180 - c**4/24 + 5*c**3/2 - 6*c**2. Let u(r) be the first derivative of a(r). Give u(1).
6
Suppose 85*w - 74*w = 22. Let i(o) be the second derivative of -1/3*o**3 - 8*o + 0 - w*o**2. Calculate i(-6).
8
Let t(j) = j - 4. Let o be t(4). Let z(v) = 7*v**3 + 2*v**2 - 5*v + 2. Let r(x) = 10*x**3 + 3*x**2 - 7*x + 2. Let b(h) = -5*r(h) + 7*z(h). Give b(o).
4
Suppose 77*c - 49 = 84*c. Let t = -14 + 20. Let b(d) = -d**3 - 6*d**2 + 0*d + 0*d - t + 5*d. Determine b(c).
8
Suppose 4*s - 2*x = 4, -5*x + 9 = -1. Let d(l) = 0*l - 4 + 10 + 6*l + l**s. Let r = 629 + -634. Determine d(r).
1
Let q(w) = 9 + 10 + 2*w**2 - w**2 + 0 + 16. Calculate q(0).
35
Let p be (-6)/(2*(-5 + 4)). Let k(m) = 4 - p - m - 3 + 8. What is k(4)?
2
Let a = 52 + -49. Let z(g) = 38*g - 1 - 1 - 39*g. Determine z(a).
-5
Let k(p) = -p + 3. Let s = 18 + -10. Let g be k(s). Let m(i) = i**3 - 1. Let d(b) = 2*b**3 - 6*b**2 - 5*b - 7. Let u(t) = -d(t) + 3*m(t). What is u(g)?
4
Let j = -61 + 52. Let k(s) = 21*s**2 + 2*s + 1. Let v(g) = 84*g**2 + 9*g + 4. Let t(p) = j*k(p) + 2*v(p). Determine t(-1).
-22
Suppose 26*o = 21*o + 10, 2*f = 5*o. Let n(w) = -w**2. Let b(h) = -3 - 3 - h**3 + 0 + 3*h**2 + 2*h. Let y(j) = -b(j) + 2*n(j). Give y(f).
-4
Let c(o) = -1 + 3 - 2 + 1 + o. Let i(u) = u + 1. Let h(j) = 5*c(j) - 8*i(j). Give h(-2).
3
Let u(l) = 2*l - 2. Let q(w) = -1. Let f(s) = 2*q(s) - u(s). Let a = -5 - -6. Let z be (0 + a)*(6/(-3) - -5). Give f(z).
-6
Let m(a) = -3 - 190*a + 65*a + a**2 + 65*a - 3 + 68*a. What is m(-9)?
3
Let x(q) = 2*q - 14. Suppose 16*d + 10*d = 286. Give x(d).
8
Suppose 0 = s + 5*q - 15, 15*q - 14*q = 3*s - 13. Let d(t) = -t - 3. Let n(k) = 2*k + 3. Let f(l) = 3*d(l) + 2*n(l). Calculate f(s).
2
Let b(w) = -w**3 - 8*w**2 + 18*w - 17. Let v be b(-10). Suppose -v*j + 5 = 3*r - j, 3*r = -3*j. Let u(c) = -c**2 + 4*c + 5. What is u(r)?
0
Suppose 2*s = 2, 6*s - 4*s + 7 = 3*a. Let r(h) = h**3 - 4*h**2 + 3*h - 4. Give r(a).
-4
Let m(w) = -8 + 3 - 2*w - 2. Let d(j) = j - 10. Let f be d(7). Let h = -9 - f. Determine m(h).
5
Let l(m) be the first derivative of -m**4/4 + m**2/2 + 37*m - 428. What is l(0)?
37
Let u(b) = -67 + 28 + 7*b + 36. Give u(2).
11
Suppose 0 = -5*c + 47 - 17. Let b(z) = 5*z**3 - 5*z**2 - z - 7. Let h(k) = -6*k**3 + 5*k**2 + 8. Let u(a) = 5*b(a) + 4*h(a). What is u(c)?
3
Let j(x) = 9*x - 1. Let r(g) = -g**2 + 3*g - 1. Let z be r(0). What is j(z)?
-10
Let i(r) be the second derivative of r**3/6 + r**2/2 + r. Suppose 10*b + 19*b = 29. Determine i(b).
2
Let k(s) = 14*s - 10*s - 3 - 2*s. Determine k(6).
9
Let h(t) = -t + 2. Suppose 8*f = f. Let a(g) = -g**3 - 3*g**2 - 2*g - 4. Let d be a(-3). Suppose -b - 2*b = d*k + 6, 5*b + 2*k + 6 = f. Determine h(b).
2
Let d(i) = 125 - 3*i**2 + 4*i**2 - 60 - 70. What is d(-6)?
31
Let u be (4/(-6))/(-4*(-4)/240). Let r(g) = g**2 + 9*g + 1. Calculate r(u).
11
Let p(s) = -5*s**2 + 7*s - 10. Let b(a) = -12*a**2 + 13*a - 20. Let l(c) = -3*b(c) + 7*p(c). What is l(-8)?
-26
Let d(s) = -s**3 + s**2 + s + 3. Suppose -3*h = h. Let t be d(h). Let i(k) be the first derivative of k**4/4 - 2*k**3/3 - k**2/2 - k + 6. Determine i(t).
5
Let z(o) = o**3 + 8*o**2 - 2*o - 5. Let w = -89 - -90. Let v(c) = -c**2 + c + 1. Let k(n) = w*z(n) + 5*v(n). What is k(-2)?
-2
Let c(t) = t**3 - 2*t**2 - 7*t + 5. Suppose 2*h - 28 = 4*k, 3*h - 3*k - 17 = 10. Determine c(h).
9
Let u(k) be the second derivative of k**5/20 - k**4/3 - 2*k**3/3 - 3*k**2/2 - k. Suppose 9*w - 17*w = -1168. Let m = w + -141. Give u(m).
2
Let q(s) be the first derivative of s**